he remainder when 1878 is divided by 241?
191
What is the remainder when 93425 is divided by 20?
5
What is the remainder when 63361 is divided by 21100?
61
Calculate the remainder when 487624 is divided by 151.
45
Calculate the remainder when 6288 is divided by 1538.
136
Calculate the remainder when 1108 is divided by 121.
19
Calculate the remainder when 737 is divided by 583.
154
Calculate the remainder when 57975 is divided by 285.
120
What is the remainder when 120506 is divided by 224?
218
What is the remainder when 123 is divided by 19?
9
Calculate the remainder when 901 is divided by 7.
5
What is the remainder when 14090 is divided by 1707?
434
What is the remainder when 2671 is divided by 57?
49
What is the remainder when 7170 is divided by 9?
6
What is the remainder when 481925 is divided by 40157?
41
What is the remainder when 13929 is divided by 130?
19
Calculate the remainder when 305 is divided by 81.
62
What is the remainder when 86219 is divided by 15?
14
What is the remainder when 10822 is divided by 66?
64
Calculate the remainder when 58762 is divided by 115.
112
What is the remainder when 119637 is divided by 15?
12
What is the remainder when 6057 is divided by 138?
123
What is the remainder when 240996 is divided by 14176?
4
Calculate the remainder when 660556 is divided by 1362.
1348
What is the remainder when 1641 is divided by 32?
9
What is the remainder when 2690 is divided by 749?
443
Calculate the remainder when 343256 is divided by 42.
32
What is the remainder when 13746 is divided by 22?
18
What is the remainder when 8589 is divided by 357?
21
Calculate the remainder when 890 is divided by 545.
345
Calculate the remainder when 4571 is divided by 441.
161
Calculate the remainder when 987 is divided by 720.
267
Calculate the remainder when 563501 is divided by 164.
161
What is the remainder when 14451 is divided by 437?
30
Calculate the remainder when 246222 is divided by 405.
387
Calculate the remainder when 326226 is divided by 163110.
6
Calculate the remainder when 32036 is divided by 193.
191
What is the remainder when 8765 is divided by 729?
17
Calculate the remainder when 5166 is divided by 15.
6
What is the remainder when 107379 is divided by 14?
13
Calculate the remainder when 4111 is divided by 821.
6
What is the remainder when 222031 is divided by 50?
31
What is the remainder when 77698 is divided by 62?
12
What is the remainder when 11757 is divided by 11741?
16
Calculate the remainder when 2289 is divided by 700.
189
Calculate the remainder when 38383 is divided by 935.
48
Calculate the remainder when 3524 is divided by 28.
24
What is the remainder when 8557 is divided by 8086?
471
What is the remainder when 47616 is divided by 507?
465
What is the remainder when 1552 is divided by 42?
40
What is the remainder when 247717 is divided by 3217?
8
Calculate the remainder when 49600 is divided by 5510.
10
What is the remainder when 69636 is divided by 13?
8
What is the remainder when 1757311 is divided by 13?
10
What is the remainder when 3036382 is divided by 1457?
1451
What is the remainder when 9084 is divided by 1806?
54
Calculate the remainder when 41022 is divided by 166.
20
What is the remainder when 311622 is divided by 9?
6
What is the remainder when 65232 is divided by 249?
243
What is the remainder when 2900 is divided by 1590?
1310
What is the remainder when 11584 is divided by 3855?
19
What is the remainder when 76511 is divided by 19120?
31
Calculate the remainder when 259 is divided by 38.
31
What is the remainder when 16817 is divided by 664?
217
What is the remainder when 62472 is divided by 110?
102
What is the remainder when 39175 is divided by 4893?
31
Calculate the remainder when 308 is divided by 62.
60
What is the remainder when 1034 is divided by 534?
500
Calculate the remainder when 44878 is divided by 2243.
18
What is the remainder when 20899 is divided by 20880?
19
What is the remainder when 3441182 is divided by 209?
206
What is the remainder when 1209 is divided by 156?
117
Calculate the remainder when 30737 is divided by 290.
287
What is the remainder when 78652 is divided by 26205?
37
What is the remainder when 15656 is divided by 206?
0
Calculate the remainder when 113201 is divided by 107.
102
What is the remainder when 29999 is divided by 788?
55
What is the remainder when 17936 is divided by 60?
56
Calculate the remainder when 2525 is divided by 83.
35
What is the remainder when 785467 is divided by 490?
487
Calculate the remainder when 477 is divided by 94.
7
Calculate the remainder when 428 is divided by 262.
166
What is the remainder when 37579 is divided by 115?
89
Calculate the remainder when 310021 is divided by 34441.
52
Calculate the remainder when 9397 is divided by 1858.
107
What is the remainder when 74744 is divided by 2265?
2264
What is the remainder when 196198 is divided by 617?
609
What is the remainder when 15030 is divided by 114?
96
What is the remainder when 85412 is divided by 85408?
4
Calculate the remainder when 5116 is divided by 2553.
10
What is the remainder when 14683 is divided by 109?
77
What is the remainder when 47484 is divided by 15742?
258
Calculate the remainder when 49316 is divided by 33.
14
What is the remainder when 18906 is divided by 351?
303
Calculate the remainder when 2021 is divided by 559.
344
What is the remainder when 2036194 is divided by 12?
10
What is the remainder when 14651 is divided by 1815?
131
Calculate the remainder when 12644 is divided by 4054.
482
What is the remainder when 10592 is divided by 588?
8
Calculate the remainder when 136463 is divided by 9.
5
Calculate the remainder when 109339 is divided by 3770.
9
Calculate the remainder when 3247 is divided by 160.
47
What is the remainder when 19423 is divided by 25?
23
Calculate the remainder when 9897 is divided by 69.
30
Calculate the remainder when 101563 is divided by 577.
11
What is the remainder when 7595 is divided by 25?
20
What is the remainder when 5209 is divided by 110?
39
What is the remainder when 2816 is divided by 1388?
40
Calculate the remainder when 501117 is divided by 580.
577
What is the remainder when 2719 is divided by 255?
169
Calculate the remainder when 899149 is divided by 295.
284
Calculate the remainder when 47044 is divided by 735.
4
What is the remainder when 279759 is divided by 319?
315
What is the remainder when 829998 is divided by 123?
117
Calculate the remainder when 39504 is divided by 238.
234
Calculate the remainder when 8882 is divided by 8867.
15
What is the remainder when 5549 is divided by 1383?
17
Calculate the remainder when 21629 is divided by 939.
32
What is the remainder when 43519 is divided by 12?
7
Calculate the remainder when 65238 is divided by 28.
26
What is the remainder when 2017 is divided by 1000?
17
Calculate the remainder when 85852 is divided by 12260.
32
What is the remainder when 2640 is divided by 49?
43
Calculate the remainder when 3376 is divided by 940.
556
Calculate the remainder when 2413 is divided by 296.
45
What is the remainder when 20345 is divided by 55?
50
Calculate the remainder when 8820 is divided by 210.
0
What is the remainder when 490559 is divided by 192?
191
What is the remainder when 157376 is divided by 11?
10
What is the remainder when 403 is divided by 5?
3
What is the remainder when 36773 is divided by 707?
9
Calculate the remainder when 144889 is divided by 9.
7
What is the remainder when 71707 is divided by 703?
1
Calculate the remainder when 30468 is divided by 84.
60
Calculate the remainder when 1010 is divided by 335.
5
Calculate the remainder when 135971 is divided by 135951.
20
Calculate the remainder when 11326 is divided by 1314.
814
Calculate the remainder when 11953 is divided by 906.
175
Calculate the remainder when 655861 is divided by 753.
751
What is the remainder when 28747 is divided by 55?
37
What is the remainder when 13435 is divided by 60?
55
Calculate the remainder when 2537 is divided by 1263.
11
What is the remainder when 15536 is divided by 213?
200
What is the remainder when 7668 is divided by 1272?
36
Calculate the remainder when 2346 is divided by 1152.
42
What is the remainder when 28709 is divided by 139?
75
Calculate the remainder when 4212 is d